{"id":8672,"date":"2024-01-26T15:32:40","date_gmt":"2024-01-26T14:32:40","guid":{"rendered":"https:\/\/architecturemedievale.fr\/?page_id=8672"},"modified":"2024-09-02T14:41:18","modified_gmt":"2024-09-02T12:41:18","slug":"moreac-demi-croisee-locmine-xveme-siecle","status":"publish","type":"page","link":"https:\/\/architecturemedievale.fr\/index.php\/moreac-demi-croisee-locmine-xveme-siecle\/","title":{"rendered":"Mor\u00e9ac &#8211; Demi-crois\u00e9e &#8211; Manoir de Kerm\u00e9no XV\u00e8me si\u00e8cle"},"content":{"rendered":"<div class=\"wpb-content-wrapper\">[vc_row full_width=\u00a0\u00bbstretch_row\u00a0\u00bb equal_height=\u00a0\u00bbyes\u00a0\u00bb content_placement=\u00a0\u00bbmiddle\u00a0\u00bb][vc_column width=\u00a0\u00bb1\/2&Prime;][vc_column_text]\n<h3>MOREAC &#8211; Demi-crois\u00e9e du XV<sup>\u00e8me<\/sup> si\u00e8cle<\/h3>\n<p>Extrait d\u2019une \u00e9tude de <a href=\"https:\/\/www.chassis-fenetres.info\/etudes\/moreac_1\/5600502a.pdf\" target=\"_blank\" rel=\"noopener\">Arnaud Tiercelin<\/a> , Les chassis de fen\u00eatres.<\/p>\n<p>Cette demi-crois\u00e9e du milieu du XVe si\u00e8cle appartenait au manoir de Kerm\u00e9no avant l\u2019\u00e9croulement partiel de l\u2019\u00e9difice, qui n\u00e9cessita sa d\u00e9molition compl\u00e8te par mesure de s\u00e9curit\u00e9.<\/p>\n<p>Maquette r\u00e9alis\u00e9e en bois de tilleul peint fa\u00e7on pierre.<br \/>\nLe volet et le linteau sont en ch\u00eane, le vitrage en r\u00e9sine.<\/p>\n[\/vc_column_text][\/vc_column][vc_column width=\u00a0\u00bb1\/2&Prime;][vc_column_text]\n<h3><em>MOREAC &#8211; Half-crossed window from XV<sup>th<\/sup> century<\/em><\/h3>\n<p><em>Extract from a study from <a href=\"https:\/\/www.chassis-fenetres.info\/etudes\/moreac_1\/5600502a.pdf\" target=\"_blank\" rel=\"noopener\">Arnaud Tiercelin<\/a> , Les chassis de fen\u00eatres.<\/em><\/p>\n<p><em>This half-crossed window from the mid-15th century belonged to the Kerm\u00e9no manor before the partial collapse of the building, which required its complete demolition for safety reasons.<\/em><\/p>\n<p><em>Model made of stone-style painted lime wood.<\/em><br \/>\n<em>The shutter and the lintel are in oak, the glazing in resin.<\/em><\/p>\n[\/vc_column_text][\/vc_column][\/vc_row][vc_row equal_height=\u00a0\u00bbyes\u00a0\u00bb content_placement=\u00a0\u00bbmiddle\u00a0\u00bb][vc_column][vc_column_text]\n<div id=\"kad-wp-gallery31\" class=\"kad-wp-gallery gallery kt-gallery-column-3 init-isotope-intrinsic reinit-isotope kad-light-wp-gallery clearfix rowtight\" data-fade-in=\"1\" data-iso-selector=\".g_item\" data-iso-style=\"masonry\" data-iso-filter=\"false\"><div class=\"tcol-lg-4 tcol-md-4 tcol-sm-4 tcol-xs-6 tcol-ss-12 g_item\"><div class=\"grid_item kt_item_fade_in kad_gallery_fade_in gallery_item\"><a href=\"https:\/\/architecturemedievale.fr\/wp-content\/uploads\/Screenshot-2024-02-12-800x411-1.png\" data-rel=\"lightbox\" class=\"lightboxhover\"><div class=\"kt-intrinsic\" style=\"padding-bottom:51.366120218579%;\"><div itemprop=\"image\" itemscope itemtype=\"https:\/\/schema.org\/ImageObject\"><img loading=\"lazy\" decoding=\"async\" width=\"366\" height=\"188\" src=\"https:\/\/architecturemedievale.fr\/wp-content\/uploads\/Screenshot-2024-02-12-800x411-1-366x188.png\" srcset=\"https:\/\/architecturemedievale.fr\/wp-content\/uploads\/Screenshot-2024-02-12-800x411-1-366x188.png 366w, https:\/\/architecturemedievale.fr\/wp-content\/uploads\/Screenshot-2024-02-12-800x411-1-300x154.png 300w, https:\/\/architecturemedievale.fr\/wp-content\/uploads\/Screenshot-2024-02-12-800x411-1-768x395.png 768w, https:\/\/architecturemedievale.fr\/wp-content\/uploads\/Screenshot-2024-02-12-800x411-1-732x376.png 732w, https:\/\/architecturemedievale.fr\/wp-content\/uploads\/Screenshot-2024-02-12-800x411-1.png 800w\" sizes=\"auto, (max-width: 366px) 100vw, 366px\" data-caption=\"\" class=\"light-dropshaddow\" itemprop=\"contentUrl\" alt=\"\"><meta itemprop=\"url\" content=\"https:\/\/architecturemedievale.fr\/wp-content\/uploads\/Screenshot-2024-02-12-800x411-1-366x188.png\"><meta itemprop=\"width\" content=\"366px\"><meta itemprop=\"height\" content=\"188px\"><\/div><\/div><\/a><\/div><\/div><div class=\"tcol-lg-4 tcol-md-4 tcol-sm-4 tcol-xs-6 tcol-ss-12 g_item\"><div class=\"grid_item kt_item_fade_in kad_gallery_fade_in gallery_item\"><a href=\"https:\/\/architecturemedievale.fr\/wp-content\/uploads\/img004_900x600x120DPI.jpg\" data-rel=\"lightbox\" class=\"lightboxhover\"><div class=\"kt-intrinsic\" style=\"padding-bottom:150%;\"><div itemprop=\"image\" itemscope itemtype=\"https:\/\/schema.org\/ImageObject\"><img loading=\"lazy\" decoding=\"async\" width=\"366\" height=\"549\" src=\"https:\/\/architecturemedievale.fr\/wp-content\/uploads\/img004_900x600x120DPI-366x549.jpg\" srcset=\"https:\/\/architecturemedievale.fr\/wp-content\/uploads\/img004_900x600x120DPI-366x549.jpg 366w, https:\/\/architecturemedievale.fr\/wp-content\/uploads\/img004_900x600x120DPI-200x300.jpg 200w, https:\/\/architecturemedievale.fr\/wp-content\/uploads\/img004_900x600x120DPI.jpg 600w\" sizes=\"auto, (max-width: 366px) 100vw, 366px\" data-caption=\"Morceaux de volets \" class=\"light-dropshaddow\" itemprop=\"contentUrl\" alt=\"\"><meta itemprop=\"url\" content=\"https:\/\/architecturemedievale.fr\/wp-content\/uploads\/img004_900x600x120DPI-366x549.jpg\"><meta itemprop=\"width\" content=\"366px\"><meta itemprop=\"height\" content=\"549px\"><\/div><\/div><\/a><\/div><\/div><div class=\"tcol-lg-4 tcol-md-4 tcol-sm-4 tcol-xs-6 tcol-ss-12 g_item\"><div class=\"grid_item kt_item_fade_in kad_gallery_fade_in gallery_item\"><a href=\"https:\/\/architecturemedievale.fr\/wp-content\/uploads\/img003_900x600x120DPI.jpg\" data-rel=\"lightbox\" class=\"lightboxhover\"><div class=\"kt-intrinsic\" style=\"padding-bottom:150%;\"><div itemprop=\"image\" itemscope itemtype=\"https:\/\/schema.org\/ImageObject\"><img loading=\"lazy\" decoding=\"async\" width=\"366\" height=\"549\" src=\"https:\/\/architecturemedievale.fr\/wp-content\/uploads\/img003_900x600x120DPI-366x549.jpg\" srcset=\"https:\/\/architecturemedievale.fr\/wp-content\/uploads\/img003_900x600x120DPI-366x549.jpg 366w, https:\/\/architecturemedievale.fr\/wp-content\/uploads\/img003_900x600x120DPI-200x300.jpg 200w, https:\/\/architecturemedievale.fr\/wp-content\/uploads\/img003_900x600x120DPI.jpg 600w\" sizes=\"auto, (max-width: 366px) 100vw, 366px\" data-caption=\"Encadrement\" class=\"light-dropshaddow\" itemprop=\"contentUrl\" alt=\"\"><meta itemprop=\"url\" content=\"https:\/\/architecturemedievale.fr\/wp-content\/uploads\/img003_900x600x120DPI-366x549.jpg\"><meta itemprop=\"width\" content=\"366px\"><meta itemprop=\"height\" content=\"549px\"><\/div><\/div><\/a><\/div><\/div><div class=\"tcol-lg-4 tcol-md-4 tcol-sm-4 tcol-xs-6 tcol-ss-12 g_item\"><div class=\"grid_item kt_item_fade_in kad_gallery_fade_in gallery_item\"><a href=\"https:\/\/architecturemedievale.fr\/wp-content\/uploads\/img002_900x600x120DPI.jpg\" data-rel=\"lightbox\" class=\"lightboxhover\"><div class=\"kt-intrinsic\" style=\"padding-bottom:150%;\"><div itemprop=\"image\" itemscope itemtype=\"https:\/\/schema.org\/ImageObject\"><img loading=\"lazy\" decoding=\"async\" width=\"366\" height=\"549\" src=\"https:\/\/architecturemedievale.fr\/wp-content\/uploads\/img002_900x600x120DPI-366x549.jpg\" srcset=\"https:\/\/architecturemedievale.fr\/wp-content\/uploads\/img002_900x600x120DPI-366x549.jpg 366w, https:\/\/architecturemedievale.fr\/wp-content\/uploads\/img002_900x600x120DPI-200x300.jpg 200w, https:\/\/architecturemedievale.fr\/wp-content\/uploads\/img002_900x600x120DPI.jpg 600w\" sizes=\"auto, (max-width: 366px) 100vw, 366px\" data-caption=\"Vue d&#039;ensemble\" class=\"light-dropshaddow\" itemprop=\"contentUrl\" alt=\"\"><meta itemprop=\"url\" content=\"https:\/\/architecturemedievale.fr\/wp-content\/uploads\/img002_900x600x120DPI-366x549.jpg\"><meta itemprop=\"width\" content=\"366px\"><meta itemprop=\"height\" content=\"549px\"><\/div><\/div><\/a><\/div><\/div><div class=\"tcol-lg-4 tcol-md-4 tcol-sm-4 tcol-xs-6 tcol-ss-12 g_item\"><div class=\"grid_item kt_item_fade_in kad_gallery_fade_in gallery_item\"><a href=\"https:\/\/architecturemedievale.fr\/wp-content\/uploads\/DSC_4679_900x600x120DPI.jpg\" data-rel=\"lightbox\" class=\"lightboxhover\"><div class=\"kt-intrinsic\" style=\"padding-bottom:66.666666666667%;\"><div itemprop=\"image\" itemscope itemtype=\"https:\/\/schema.org\/ImageObject\"><img loading=\"lazy\" decoding=\"async\" width=\"366\" height=\"244\" src=\"https:\/\/architecturemedievale.fr\/wp-content\/uploads\/DSC_4679_900x600x120DPI-366x244.jpg\" srcset=\"https:\/\/architecturemedievale.fr\/wp-content\/uploads\/DSC_4679_900x600x120DPI-366x244.jpg 366w, https:\/\/architecturemedievale.fr\/wp-content\/uploads\/DSC_4679_900x600x120DPI-300x200.jpg 300w, https:\/\/architecturemedievale.fr\/wp-content\/uploads\/DSC_4679_900x600x120DPI-768x512.jpg 768w, https:\/\/architecturemedievale.fr\/wp-content\/uploads\/DSC_4679_900x600x120DPI-732x488.jpg 732w, https:\/\/architecturemedievale.fr\/wp-content\/uploads\/DSC_4679_900x600x120DPI.jpg 900w\" sizes=\"auto, (max-width: 366px) 100vw, 366px\" data-caption=\"Orifice de rejet des eaux collect\u00e9es par le canal int\u00e9rieur\" class=\"light-dropshaddow\" itemprop=\"contentUrl\" alt=\"\"><meta itemprop=\"url\" content=\"https:\/\/architecturemedievale.fr\/wp-content\/uploads\/DSC_4679_900x600x120DPI-366x244.jpg\"><meta itemprop=\"width\" content=\"366px\"><meta itemprop=\"height\" content=\"244px\"><\/div><\/div><\/a><\/div><\/div><div class=\"tcol-lg-4 tcol-md-4 tcol-sm-4 tcol-xs-6 tcol-ss-12 g_item\"><div class=\"grid_item kt_item_fade_in kad_gallery_fade_in gallery_item\"><a href=\"https:\/\/architecturemedievale.fr\/wp-content\/uploads\/DSC_4676_900x600x120DPI.jpg\" data-rel=\"lightbox\" class=\"lightboxhover\"><div class=\"kt-intrinsic\" style=\"padding-bottom:66.666666666667%;\"><div itemprop=\"image\" itemscope itemtype=\"https:\/\/schema.org\/ImageObject\"><img loading=\"lazy\" decoding=\"async\" width=\"366\" height=\"244\" src=\"https:\/\/architecturemedievale.fr\/wp-content\/uploads\/DSC_4676_900x600x120DPI-366x244.jpg\" srcset=\"https:\/\/architecturemedievale.fr\/wp-content\/uploads\/DSC_4676_900x600x120DPI-366x244.jpg 366w, https:\/\/architecturemedievale.fr\/wp-content\/uploads\/DSC_4676_900x600x120DPI-300x200.jpg 300w, https:\/\/architecturemedievale.fr\/wp-content\/uploads\/DSC_4676_900x600x120DPI-768x512.jpg 768w, https:\/\/architecturemedievale.fr\/wp-content\/uploads\/DSC_4676_900x600x120DPI-732x488.jpg 732w, https:\/\/architecturemedievale.fr\/wp-content\/uploads\/DSC_4676_900x600x120DPI.jpg 900w\" sizes=\"auto, (max-width: 366px) 100vw, 366px\" data-caption=\"D\u00e9tail du vitrail \" class=\"light-dropshaddow\" itemprop=\"contentUrl\" alt=\"\"><meta itemprop=\"url\" content=\"https:\/\/architecturemedievale.fr\/wp-content\/uploads\/DSC_4676_900x600x120DPI-366x244.jpg\"><meta itemprop=\"width\" content=\"366px\"><meta itemprop=\"height\" content=\"244px\"><\/div><\/div><\/a><\/div><\/div><div class=\"tcol-lg-4 tcol-md-4 tcol-sm-4 tcol-xs-6 tcol-ss-12 g_item\"><div class=\"grid_item kt_item_fade_in kad_gallery_fade_in gallery_item\"><a href=\"https:\/\/architecturemedievale.fr\/wp-content\/uploads\/DSC_4670_600x800.jpg\" data-rel=\"lightbox\" class=\"lightboxhover\"><div class=\"kt-intrinsic\" style=\"padding-bottom:133.33333333333%;\"><div itemprop=\"image\" itemscope itemtype=\"https:\/\/schema.org\/ImageObject\"><img loading=\"lazy\" decoding=\"async\" width=\"366\" height=\"488\" src=\"https:\/\/architecturemedievale.fr\/wp-content\/uploads\/DSC_4670_600x800-366x488.jpg\" srcset=\"https:\/\/architecturemedievale.fr\/wp-content\/uploads\/DSC_4670_600x800-366x488.jpg 366w, https:\/\/architecturemedievale.fr\/wp-content\/uploads\/DSC_4670_600x800-225x300.jpg 225w, https:\/\/architecturemedievale.fr\/wp-content\/uploads\/DSC_4670_600x800.jpg 600w\" sizes=\"auto, (max-width: 366px) 100vw, 366px\" data-caption=\"Fen\u00eatre vue de l&#039;int\u00e9rieur\" class=\"light-dropshaddow\" itemprop=\"contentUrl\" alt=\"\"><meta itemprop=\"url\" content=\"https:\/\/architecturemedievale.fr\/wp-content\/uploads\/DSC_4670_600x800-366x488.jpg\"><meta itemprop=\"width\" content=\"366px\"><meta itemprop=\"height\" content=\"488px\"><\/div><\/div><\/a><\/div><\/div><div class=\"tcol-lg-4 tcol-md-4 tcol-sm-4 tcol-xs-6 tcol-ss-12 g_item\"><div class=\"grid_item kt_item_fade_in kad_gallery_fade_in gallery_item\"><a href=\"https:\/\/architecturemedievale.fr\/wp-content\/uploads\/DSC_4662_600x800.jpg\" data-rel=\"lightbox\" class=\"lightboxhover\"><div class=\"kt-intrinsic\" style=\"padding-bottom:133.33333333333%;\"><div itemprop=\"image\" itemscope itemtype=\"https:\/\/schema.org\/ImageObject\"><img loading=\"lazy\" decoding=\"async\" width=\"366\" height=\"488\" src=\"https:\/\/architecturemedievale.fr\/wp-content\/uploads\/DSC_4662_600x800-366x488.jpg\" srcset=\"https:\/\/architecturemedievale.fr\/wp-content\/uploads\/DSC_4662_600x800-366x488.jpg 366w, https:\/\/architecturemedievale.fr\/wp-content\/uploads\/DSC_4662_600x800-225x300.jpg 225w, https:\/\/architecturemedievale.fr\/wp-content\/uploads\/DSC_4662_600x800.jpg 600w\" sizes=\"auto, (max-width: 366px) 100vw, 366px\" data-caption=\"Fen\u00eatre en perspective\" class=\"light-dropshaddow\" itemprop=\"contentUrl\" alt=\"\"><meta itemprop=\"url\" content=\"https:\/\/architecturemedievale.fr\/wp-content\/uploads\/DSC_4662_600x800-366x488.jpg\"><meta itemprop=\"width\" content=\"366px\"><meta itemprop=\"height\" content=\"488px\"><\/div><\/div><\/a><\/div><\/div><div class=\"tcol-lg-4 tcol-md-4 tcol-sm-4 tcol-xs-6 tcol-ss-12 g_item\"><div class=\"grid_item kt_item_fade_in kad_gallery_fade_in gallery_item\"><a href=\"https:\/\/architecturemedievale.fr\/wp-content\/uploads\/DSC_4678-600x800-1.jpg\" data-rel=\"lightbox\" class=\"lightboxhover\"><div class=\"kt-intrinsic\" style=\"padding-bottom:133.33333333333%;\"><div itemprop=\"image\" itemscope itemtype=\"https:\/\/schema.org\/ImageObject\"><img loading=\"lazy\" decoding=\"async\" width=\"366\" height=\"488\" src=\"https:\/\/architecturemedievale.fr\/wp-content\/uploads\/DSC_4678-600x800-1-366x488.jpg\" srcset=\"https:\/\/architecturemedievale.fr\/wp-content\/uploads\/DSC_4678-600x800-1-366x488.jpg 366w, https:\/\/architecturemedievale.fr\/wp-content\/uploads\/DSC_4678-600x800-1-225x300.jpg 225w, https:\/\/architecturemedievale.fr\/wp-content\/uploads\/DSC_4678-600x800-1.jpg 600w\" sizes=\"auto, (max-width: 366px) 100vw, 366px\" data-caption=\"Fen\u00eatre vue de l&#039;ext\u00e9rieur\" class=\"light-dropshaddow\" itemprop=\"contentUrl\" alt=\"\"><meta itemprop=\"url\" content=\"https:\/\/architecturemedievale.fr\/wp-content\/uploads\/DSC_4678-600x800-1-366x488.jpg\"><meta itemprop=\"width\" content=\"366px\"><meta itemprop=\"height\" content=\"488px\"><\/div><\/div><\/a><\/div><\/div><\/div>\n[\/vc_column_text][\/vc_column][\/vc_row][vc_row][vc_column width=\u00a0\u00bb1\/2&Prime;][vc_column_text css=\u00a0\u00bb\u00a0\u00bb]\n<table style=\"height: 128px; width: 67.753%; border-collapse: collapse;\">\n<tbody>\n<tr>\n<td style=\"width: 34.2256%;\">\u00c9chelle<\/td>\n<td style=\"width: 40.7266%;\"><em>Scale<\/em><\/td>\n<td style=\"width: 24.6653%;\">N\/A<\/td>\n<\/tr>\n<tr>\n<td style=\"width: 34.2256%;\">R\u00e9alis\u00e9 en<\/td>\n<td style=\"width: 40.7266%;\"><em>Created in<\/em><\/td>\n<td style=\"width: 24.6653%;\">2017<\/td>\n<\/tr>\n<\/tbody>\n<\/table>\n<p>Collection particuli\u00e8re[\/vc_column_text][\/vc_column][vc_column width=\u00a0\u00bb1\/2&Prime;][vc_btn title=\u00a0\u00bbPour plus d&rsquo;informations &#8211; For more information\u00a0\u00bb size=\u00a0\u00bblg\u00a0\u00bb align=\u00a0\u00bbcenter\u00a0\u00bb i_icon_fontawesome=\u00a0\u00bbfas fa-hand-point-right\u00a0\u00bb button_block=\u00a0\u00bbtrue\u00a0\u00bb add_icon=\u00a0\u00bbtrue\u00a0\u00bb link=\u00a0\u00bburl:https%3A%2F%2Farchitecturemedievale.fr%2Findex.php%2Fcontact%2F|title:Contact|target:_blank\u00a0\u00bb][\/vc_column][\/vc_row]\n<\/div>","protected":false},"excerpt":{"rendered":"<p>[vc_row full_width=\u00a0\u00bbstretch_row\u00a0\u00bb equal_height=\u00a0\u00bbyes\u00a0\u00bb content_placement=\u00a0\u00bbmiddle\u00a0\u00bb][vc_column width=\u00a0\u00bb1\/2&Prime;][vc_column_text] MOREAC &#8211; Demi-crois\u00e9e du XV\u00e8me si\u00e8cle Extrait d\u2019une \u00e9tude de Arnaud Tiercelin , Les chassis de fen\u00eatres. Cette demi-crois\u00e9e du milieu du XVe si\u00e8cle appartenait au manoir de Kerm\u00e9no avant l\u2019\u00e9croulement partiel de l\u2019\u00e9difice, qui &hellip; <a class=\"kt-excerpt-readmore\" href=\"https:\/\/architecturemedievale.fr\/index.php\/moreac-demi-croisee-locmine-xveme-siecle\/\" aria-label=\"Mor\u00e9ac &#8211; Demi-crois\u00e9e &#8211; Manoir de Kerm\u00e9no XV\u00e8me si\u00e8cle\">Lire la suite<\/a><\/p>\n","protected":false},"author":1,"featured_media":0,"parent":0,"menu_order":0,"comment_status":"open","ping_status":"closed","template":"page-fullwidth.php","meta":{"footnotes":""},"folder":[30],"class_list":["post-8672","page","type-page","status-publish","hentry"],"yoast_head":"<!-- This site is optimized with the Yoast SEO plugin v27.3 - https:\/\/yoast.com\/product\/yoast-seo-wordpress\/ -->\n<title>Mor\u00e9ac - Demi-crois\u00e9e - Manoir de Kerm\u00e9no XV\u00e8me si\u00e8cle - Architecture M\u00e9di\u00e9vale<\/title>\n<meta name=\"description\" content=\"Baie de fa\u00e7ade \u00e0 coussi\u00e8ges avec volet pivotant. faite \u00e0 partir d&#039;une \u00e9tude d&#039;A. Tiercelin. sur le manoir de Kerm\u00e9no.\" \/>\n<meta name=\"robots\" content=\"index, follow, max-snippet:-1, max-image-preview:large, max-video-preview:-1\" \/>\n<link rel=\"canonical\" href=\"https:\/\/architecturemedievale.fr\/index.php\/moreac-demi-croisee-locmine-xveme-siecle\/\" \/>\n<meta property=\"og:locale\" content=\"fr_FR\" \/>\n<meta property=\"og:type\" content=\"article\" \/>\n<meta property=\"og:title\" content=\"Mor\u00e9ac - Demi-crois\u00e9e - Manoir de Kerm\u00e9no XV\u00e8me si\u00e8cle - Architecture M\u00e9di\u00e9vale\" \/>\n<meta property=\"og:description\" content=\"Baie de fa\u00e7ade \u00e0 coussi\u00e8ges avec volet pivotant. faite \u00e0 partir d&#039;une \u00e9tude d&#039;A. Tiercelin. sur le manoir de Kerm\u00e9no.\" \/>\n<meta property=\"og:url\" content=\"https:\/\/architecturemedievale.fr\/index.php\/moreac-demi-croisee-locmine-xveme-siecle\/\" \/>\n<meta property=\"og:site_name\" content=\"Architecture M\u00e9di\u00e9vale\" \/>\n<meta property=\"article:modified_time\" content=\"2024-09-02T12:41:18+00:00\" \/>\n<meta property=\"og:image\" content=\"https:\/\/architecturemedievale.fr\/wp-content\/uploads\/Screenshot-2024-02-12-800x411-1-366x188.png\" \/>\n<meta name=\"twitter:card\" content=\"summary_large_image\" \/>\n<meta name=\"twitter:label1\" content=\"Dur\u00e9e de lecture estim\u00e9e\" \/>\n\t<meta name=\"twitter:data1\" content=\"1 minute\" \/>\n<script type=\"application\/ld+json\" class=\"yoast-schema-graph\">{\"@context\":\"https:\\\/\\\/schema.org\",\"@graph\":[{\"@type\":\"WebPage\",\"@id\":\"https:\\\/\\\/architecturemedievale.fr\\\/index.php\\\/moreac-demi-croisee-locmine-xveme-siecle\\\/\",\"url\":\"https:\\\/\\\/architecturemedievale.fr\\\/index.php\\\/moreac-demi-croisee-locmine-xveme-siecle\\\/\",\"name\":\"Mor\u00e9ac - Demi-crois\u00e9e - Manoir de Kerm\u00e9no XV\u00e8me si\u00e8cle - Architecture M\u00e9di\u00e9vale\",\"isPartOf\":{\"@id\":\"https:\\\/\\\/architecturemedievale.fr\\\/#website\"},\"datePublished\":\"2024-01-26T14:32:40+00:00\",\"dateModified\":\"2024-09-02T12:41:18+00:00\",\"description\":\"Baie de fa\u00e7ade \u00e0 coussi\u00e8ges avec volet pivotant. faite \u00e0 partir d'une \u00e9tude d'A. Tiercelin. sur le manoir de Kerm\u00e9no.\",\"breadcrumb\":{\"@id\":\"https:\\\/\\\/architecturemedievale.fr\\\/index.php\\\/moreac-demi-croisee-locmine-xveme-siecle\\\/#breadcrumb\"},\"inLanguage\":\"fr-FR\",\"potentialAction\":[{\"@type\":\"ReadAction\",\"target\":[\"https:\\\/\\\/architecturemedievale.fr\\\/index.php\\\/moreac-demi-croisee-locmine-xveme-siecle\\\/\"]}]},{\"@type\":\"BreadcrumbList\",\"@id\":\"https:\\\/\\\/architecturemedievale.fr\\\/index.php\\\/moreac-demi-croisee-locmine-xveme-siecle\\\/#breadcrumb\",\"itemListElement\":[{\"@type\":\"ListItem\",\"position\":1,\"name\":\"Accueil\",\"item\":\"https:\\\/\\\/architecturemedievale.fr\\\/\"},{\"@type\":\"ListItem\",\"position\":2,\"name\":\"Mor\u00e9ac &#8211; Demi-crois\u00e9e &#8211; Manoir de Kerm\u00e9no XV\u00e8me si\u00e8cle\"}]},{\"@type\":\"WebSite\",\"@id\":\"https:\\\/\\\/architecturemedievale.fr\\\/#website\",\"url\":\"https:\\\/\\\/architecturemedievale.fr\\\/\",\"name\":\"Architecture M\u00e9di\u00e9vale\",\"description\":\"Redigere as memoriam\",\"publisher\":{\"@id\":\"https:\\\/\\\/architecturemedievale.fr\\\/#organization\"},\"potentialAction\":[{\"@type\":\"SearchAction\",\"target\":{\"@type\":\"EntryPoint\",\"urlTemplate\":\"https:\\\/\\\/architecturemedievale.fr\\\/?s={search_term_string}\"},\"query-input\":{\"@type\":\"PropertyValueSpecification\",\"valueRequired\":true,\"valueName\":\"search_term_string\"}}],\"inLanguage\":\"fr-FR\"},{\"@type\":\"Organization\",\"@id\":\"https:\\\/\\\/architecturemedievale.fr\\\/#organization\",\"name\":\"Architecture M\u00e9di\u00e9vale\",\"url\":\"https:\\\/\\\/architecturemedievale.fr\\\/\",\"logo\":{\"@type\":\"ImageObject\",\"inLanguage\":\"fr-FR\",\"@id\":\"https:\\\/\\\/architecturemedievale.fr\\\/#\\\/schema\\\/logo\\\/image\\\/\",\"url\":\"https:\\\/\\\/architecturemedievale.fr\\\/wp-content\\\/uploads\\\/2024\\\/01\\\/Logo-JYN_320x404.jpg\",\"contentUrl\":\"https:\\\/\\\/architecturemedievale.fr\\\/wp-content\\\/uploads\\\/2024\\\/01\\\/Logo-JYN_320x404.jpg\",\"width\":320,\"height\":404,\"caption\":\"Architecture M\u00e9di\u00e9vale\"},\"image\":{\"@id\":\"https:\\\/\\\/architecturemedievale.fr\\\/#\\\/schema\\\/logo\\\/image\\\/\"}}]}<\/script>\n<!-- \/ Yoast SEO plugin. -->","yoast_head_json":{"title":"Mor\u00e9ac - Demi-crois\u00e9e - Manoir de Kerm\u00e9no XV\u00e8me si\u00e8cle - Architecture M\u00e9di\u00e9vale","description":"Baie de fa\u00e7ade \u00e0 coussi\u00e8ges avec volet pivotant. faite \u00e0 partir d'une \u00e9tude d'A. Tiercelin. sur le manoir de Kerm\u00e9no.","robots":{"index":"index","follow":"follow","max-snippet":"max-snippet:-1","max-image-preview":"max-image-preview:large","max-video-preview":"max-video-preview:-1"},"canonical":"https:\/\/architecturemedievale.fr\/index.php\/moreac-demi-croisee-locmine-xveme-siecle\/","og_locale":"fr_FR","og_type":"article","og_title":"Mor\u00e9ac - Demi-crois\u00e9e - Manoir de Kerm\u00e9no XV\u00e8me si\u00e8cle - Architecture M\u00e9di\u00e9vale","og_description":"Baie de fa\u00e7ade \u00e0 coussi\u00e8ges avec volet pivotant. faite \u00e0 partir d'une \u00e9tude d'A. Tiercelin. sur le manoir de Kerm\u00e9no.","og_url":"https:\/\/architecturemedievale.fr\/index.php\/moreac-demi-croisee-locmine-xveme-siecle\/","og_site_name":"Architecture M\u00e9di\u00e9vale","article_modified_time":"2024-09-02T12:41:18+00:00","og_image":[{"url":"https:\/\/architecturemedievale.fr\/wp-content\/uploads\/Screenshot-2024-02-12-800x411-1-366x188.png","type":"","width":"","height":""}],"twitter_card":"summary_large_image","twitter_misc":{"Dur\u00e9e de lecture estim\u00e9e":"1 minute"},"schema":{"@context":"https:\/\/schema.org","@graph":[{"@type":"WebPage","@id":"https:\/\/architecturemedievale.fr\/index.php\/moreac-demi-croisee-locmine-xveme-siecle\/","url":"https:\/\/architecturemedievale.fr\/index.php\/moreac-demi-croisee-locmine-xveme-siecle\/","name":"Mor\u00e9ac - Demi-crois\u00e9e - Manoir de Kerm\u00e9no XV\u00e8me si\u00e8cle - Architecture M\u00e9di\u00e9vale","isPartOf":{"@id":"https:\/\/architecturemedievale.fr\/#website"},"datePublished":"2024-01-26T14:32:40+00:00","dateModified":"2024-09-02T12:41:18+00:00","description":"Baie de fa\u00e7ade \u00e0 coussi\u00e8ges avec volet pivotant. faite \u00e0 partir d'une \u00e9tude d'A. Tiercelin. sur le manoir de Kerm\u00e9no.","breadcrumb":{"@id":"https:\/\/architecturemedievale.fr\/index.php\/moreac-demi-croisee-locmine-xveme-siecle\/#breadcrumb"},"inLanguage":"fr-FR","potentialAction":[{"@type":"ReadAction","target":["https:\/\/architecturemedievale.fr\/index.php\/moreac-demi-croisee-locmine-xveme-siecle\/"]}]},{"@type":"BreadcrumbList","@id":"https:\/\/architecturemedievale.fr\/index.php\/moreac-demi-croisee-locmine-xveme-siecle\/#breadcrumb","itemListElement":[{"@type":"ListItem","position":1,"name":"Accueil","item":"https:\/\/architecturemedievale.fr\/"},{"@type":"ListItem","position":2,"name":"Mor\u00e9ac &#8211; Demi-crois\u00e9e &#8211; Manoir de Kerm\u00e9no XV\u00e8me si\u00e8cle"}]},{"@type":"WebSite","@id":"https:\/\/architecturemedievale.fr\/#website","url":"https:\/\/architecturemedievale.fr\/","name":"Architecture M\u00e9di\u00e9vale","description":"Redigere as memoriam","publisher":{"@id":"https:\/\/architecturemedievale.fr\/#organization"},"potentialAction":[{"@type":"SearchAction","target":{"@type":"EntryPoint","urlTemplate":"https:\/\/architecturemedievale.fr\/?s={search_term_string}"},"query-input":{"@type":"PropertyValueSpecification","valueRequired":true,"valueName":"search_term_string"}}],"inLanguage":"fr-FR"},{"@type":"Organization","@id":"https:\/\/architecturemedievale.fr\/#organization","name":"Architecture M\u00e9di\u00e9vale","url":"https:\/\/architecturemedievale.fr\/","logo":{"@type":"ImageObject","inLanguage":"fr-FR","@id":"https:\/\/architecturemedievale.fr\/#\/schema\/logo\/image\/","url":"https:\/\/architecturemedievale.fr\/wp-content\/uploads\/2024\/01\/Logo-JYN_320x404.jpg","contentUrl":"https:\/\/architecturemedievale.fr\/wp-content\/uploads\/2024\/01\/Logo-JYN_320x404.jpg","width":320,"height":404,"caption":"Architecture M\u00e9di\u00e9vale"},"image":{"@id":"https:\/\/architecturemedievale.fr\/#\/schema\/logo\/image\/"}}]}},"_links":{"self":[{"href":"https:\/\/architecturemedievale.fr\/index.php\/wp-json\/wp\/v2\/pages\/8672","targetHints":{"allow":["GET"]}}],"collection":[{"href":"https:\/\/architecturemedievale.fr\/index.php\/wp-json\/wp\/v2\/pages"}],"about":[{"href":"https:\/\/architecturemedievale.fr\/index.php\/wp-json\/wp\/v2\/types\/page"}],"author":[{"embeddable":true,"href":"https:\/\/architecturemedievale.fr\/index.php\/wp-json\/wp\/v2\/users\/1"}],"replies":[{"embeddable":true,"href":"https:\/\/architecturemedievale.fr\/index.php\/wp-json\/wp\/v2\/comments?post=8672"}],"version-history":[{"count":14,"href":"https:\/\/architecturemedievale.fr\/index.php\/wp-json\/wp\/v2\/pages\/8672\/revisions"}],"predecessor-version":[{"id":9697,"href":"https:\/\/architecturemedievale.fr\/index.php\/wp-json\/wp\/v2\/pages\/8672\/revisions\/9697"}],"wp:attachment":[{"href":"https:\/\/architecturemedievale.fr\/index.php\/wp-json\/wp\/v2\/media?parent=8672"}],"wp:term":[{"taxonomy":"folder","embeddable":true,"href":"https:\/\/architecturemedievale.fr\/index.php\/wp-json\/wp\/v2\/folder?post=8672"}],"curies":[{"name":"wp","href":"https:\/\/api.w.org\/{rel}","templated":true}]}}