{"id":8888,"date":"2024-02-09T15:37:03","date_gmt":"2024-02-09T14:37:03","guid":{"rendered":"https:\/\/architecturemedievale.fr\/?page_id=8888"},"modified":"2024-09-02T14:41:19","modified_gmt":"2024-09-02T12:41:19","slug":"plan-du-site-architecturemedievale","status":"publish","type":"page","link":"https:\/\/architecturemedievale.fr\/index.php\/plan-du-site-architecturemedievale\/","title":{"rendered":"Plan du site \u00ab\u00a0architecturemedievale.fr\u00a0\u00bb"},"content":{"rendered":"<div class=\"wpb-content-wrapper\">[vc_row][vc_column][vc_column_text]<span style=\"color: #000000;\"><div class=\"wsp-container\"><h2 class=\"wsp-pages-title\">Pages<\/h2>\n<ul class=\"wsp-pages-list\">\n<li class=\"page_item page-item-9274\"><a href=\"https:\/\/architecturemedievale.fr\/\">Accueil<\/a><\/li>\n<li class=\"page_item page-item-8735 current_page_parent\"><a href=\"https:\/\/architecturemedievale.fr\/index.php\/actualites\/\">Actualit\u00e9s<\/a><\/li>\n<li class=\"page_item page-item-8665\"><a href=\"https:\/\/architecturemedievale.fr\/index.php\/chateau-fort-pont-roulant-pont-basculant\/\">Ch\u00e2teau Fort imaginaire<\/a><\/li>\n<li class=\"page_item page-item-8632\"><a href=\"https:\/\/architecturemedievale.fr\/index.php\/chateaudun-immeuble-xiiieme-siecle\/\">Ch\u00e2teaudun &#8211; Fin XIII\u00e8me si\u00e8cle<\/a><\/li>\n<li class=\"page_item page-item-8714\"><a href=\"https:\/\/architecturemedievale.fr\/index.php\/contact\/\">Contact<\/a><\/li>\n<li class=\"page_item page-item-10377\"><a href=\"https:\/\/architecturemedievale.fr\/index.php\/dol-de-bretagne-chateau-episcopal\/\">Dol-de-Bretagne &#8211; Ch\u00e2teau \u00e9piscopal<\/a><\/li>\n<li class=\"page_item page-item-8634\"><a href=\"https:\/\/architecturemedievale.fr\/index.php\/dreux-facade-xii-siecle\/\">Dreux &#8211; maison de ville du XII\u00e8 si\u00e8cle<\/a><\/li>\n<li class=\"page_item page-item-8650\"><a href=\"https:\/\/architecturemedievale.fr\/index.php\/eure-campagne-xieme-siecle\/\">Eure &#8211; maison de campagne XI\u00e8me et XII\u00e8me si\u00e8cles<\/a><\/li>\n<li class=\"page_item page-item-8649\"><a href=\"https:\/\/architecturemedievale.fr\/index.php\/kerascoet-finistere-chaumiere-pierre-debout\/\">Kerasco\u00ebt &#8211; Finist\u00e8re &#8211; Chaumi\u00e8re de 1781<\/a><\/li>\n<li class=\"page_item page-item-8660\"><a href=\"https:\/\/architecturemedievale.fr\/index.php\/catapulte-baliste\/\">La Catapulte ou la Baliste<\/a><\/li>\n<li class=\"page_item page-item-8637\"><a href=\"https:\/\/architecturemedievale.fr\/index.php\/laval-facade-pierre-pan-de-bois\/\">Laval &#8211; Logis des XIV\u00e8me et XV\u00e8me si\u00e8cles<\/a><\/li>\n<li class=\"page_item page-item-8657\"><a href=\"https:\/\/architecturemedievale.fr\/index.php\/couillard-moyen-age-arme\/\">Le couillard<\/a><\/li>\n<li class=\"page_item page-item-8659\"><a href=\"https:\/\/architecturemedievale.fr\/index.php\/trebuchet-moyen-age-siege\/\">Le Tr\u00e9buchet<\/a><\/li>\n<li class=\"page_item page-item-8671\"><a href=\"https:\/\/architecturemedievale.fr\/index.php\/lignol-kerduel-croisee\/\">Lignol &#8211; Manoir de Kerduel &#8211; fin XVI\u00e8me si\u00e8cle<\/a><\/li>\n<li class=\"page_item page-item-8639\"><a href=\"https:\/\/architecturemedievale.fr\/index.php\/lisieux-manoir-francois-1er\/\">Lisieux &#8211; Manoir de la Salamandre dit Manoir Fran\u00e7ois 1er<\/a><\/li>\n<li class=\"page_item page-item-8711\"><a href=\"https:\/\/architecturemedievale.fr\/index.php\/mentions-legales\/\">Mentions L\u00e9gales<\/a><\/li>\n<li class=\"page_item page-item-8672\"><a href=\"https:\/\/architecturemedievale.fr\/index.php\/moreac-demi-croisee-locmine-xveme-siecle\/\">Mor\u00e9ac &#8211; Demi-crois\u00e9e &#8211; Manoir de Kerm\u00e9no XV\u00e8me si\u00e8cle<\/a><\/li>\n<li class=\"page_item page-item-8641\"><a href=\"https:\/\/architecturemedievale.fr\/index.php\/nantua-logis-du-xiveme-siecle\/\">Nantua &#8211; Logis du XIV\u00e8me si\u00e8cle<\/a><\/li>\n<li class=\"page_item page-item-8888\"><a href=\"https:\/\/architecturemedievale.fr\/index.php\/plan-du-site-architecturemedievale\/\">Plan du site \u00ab\u00a0architecturemedievale.fr\u00a0\u00bb<\/a><\/li>\n<li class=\"page_item page-item-8627\"><a href=\"https:\/\/architecturemedievale.fr\/index.php\/politique-de-confidentialite\/\">Politique de confidentialit\u00e9<\/a><\/li>\n<li class=\"page_item page-item-8673\"><a href=\"https:\/\/architecturemedievale.fr\/index.php\/porte-a-guichet-xiveme-siecle\/\">Porte \u00e0 guichet &#8211; XIV\u00e8me si\u00e8cle<\/a><\/li>\n<li class=\"page_item page-item-8663\"><a href=\"https:\/\/architecturemedievale.fr\/index.php\/combat-naval-canon-de-36\/\">Poste de combat naval &#8211; Canon de 36 &#8211; du XVII\u00e8me au XIX\u00e8me si\u00e8cle<\/a><\/li>\n<li class=\"page_item page-item-8630\"><a href=\"https:\/\/architecturemedievale.fr\/index.php\/maisons-champs-villes-pan-de-bois\/\">Qu&rsquo;est-ce-qu&rsquo;une maison ?<\/a><\/li>\n<li class=\"page_item page-item-8677\"><a href=\"https:\/\/architecturemedievale.fr\/index.php\/qui-se-cache-derriere-architecture-medievale\/\">Qui se cache derri\u00e8re \u00ab\u00a0Architecture M\u00e9di\u00e9vale\u00a0\u00bb ?<\/a><\/li>\n<li class=\"page_item page-item-8643\"><a href=\"https:\/\/architecturemedievale.fr\/index.php\/quimper-terre-au-duc-xvieme-siecle\/\">Quimper &#8211; place de la Terre au Duc &#8211; XVI\u00e8me si\u00e8cle<\/a><\/li>\n<li class=\"page_item page-item-9425\"><a href=\"https:\/\/architecturemedievale.fr\/index.php\/quod-obstat-viae-fit-via\/\">Quod Obstat Viae Fit Via<\/a><\/li>\n<li class=\"page_item page-item-8654\"><a href=\"https:\/\/architecturemedievale.fr\/index.php\/si-vis-pacem-para-bellum\/\">Si vis pacem, para bellum<\/a><\/li>\n<li class=\"page_item page-item-8644\"><a href=\"https:\/\/architecturemedievale.fr\/index.php\/strasbourg-immeuble-breteches\/\">Strasbourg &#8211; Immeuble \u00e0 bret\u00e8ches XV\u00e8me si\u00e8cle<\/a><\/li>\n<\/ul>\n<h2 class=\"wsp-posts-title\">Articles par cat\u00e9gorie<\/h2>\n<ul class=\"wsp-posts-list\">\n\t<li><strong class=\"wsp-category-title\">Cat\u00e9gorie\u00a0: <a href=\"https:\/\/architecturemedievale.fr\/index.php\/category\/chateau-de-dol\/\">Chateau de Dol<\/a><\/strong>\n<ul class=\"wsp-posts-list\">\t\t<li class=\"wsp-post\"><a href=\"https:\/\/architecturemedievale.fr\/index.php\/le-chateau-dans-sa-ville\/\">Le ch\u00e2teau dans sa ville&#8230;<\/a><\/li>\n\t\t<li class=\"wsp-post\"><a href=\"https:\/\/architecturemedievale.fr\/index.php\/les-abords-du-chateau-episcopal\/\">Les abords du ch\u00e2teau \u00e9piscopal<\/a><\/li>\n\t\t<li class=\"wsp-post\"><a href=\"https:\/\/architecturemedievale.fr\/index.php\/la-couverture\/\">La couverture&#8230; et les ardoises<\/a><\/li>\n\t\t<li class=\"wsp-post\"><a href=\"https:\/\/architecturemedievale.fr\/index.php\/les-joints-des-pierres-des-facades-et-le-jointoiement\/\">Les joints &#8230; des pierres de fa\u00e7ades<\/a><\/li>\n\t\t<li class=\"wsp-post\"><a href=\"https:\/\/architecturemedievale.fr\/index.php\/la-carriere-du-chateau\/\">La carri\u00e8re du ch\u00e2teau<\/a><\/li>\n\t\t<li class=\"wsp-post\"><a href=\"https:\/\/architecturemedievale.fr\/index.php\/fiat-lux-et-facta-est-lux\/\">Fiat lux et facta est lux<\/a><\/li>\n\t\t<li class=\"wsp-post\"><a href=\"https:\/\/architecturemedievale.fr\/index.php\/les-tailleurs-de-pierres-a-loeuvre\/\">Les tailleurs de pierres \u00e0 l&rsquo;oeuvre<\/a><\/li>\n\t\t<li class=\"wsp-post\"><a href=\"https:\/\/architecturemedievale.fr\/index.php\/la-construction-continue\/\">La construction continue<\/a><\/li>\n\t\t<li class=\"wsp-post\"><a href=\"https:\/\/architecturemedievale.fr\/index.php\/le-chateause-construit\/\">Le ch\u00e2teau se construit<\/a><\/li>\n\t\t<li class=\"wsp-post\"><a href=\"https:\/\/architecturemedievale.fr\/index.php\/beffroi-de-dol-de-bretagne\/\">Beffroi de Dol-de-Bretagne<\/a><\/li>\n\t\t<li class=\"wsp-post\"><a href=\"https:\/\/architecturemedievale.fr\/index.php\/le-mobilier-du-chateau-de-dol-est-fini\/\">Le mobilier du Ch\u00e2teau de Dol est fini.<\/a><\/li>\n\t\t<li class=\"wsp-post\"><a href=\"https:\/\/architecturemedievale.fr\/index.php\/mobilier-du-chateau-de-dol\/\">Le mobilier du Chateau de Dol de Bretagne<\/a><\/li>\n<\/ul><\/li>\n\t<li><strong class=\"wsp-category-title\">Cat\u00e9gorie\u00a0: <a href=\"https:\/\/architecturemedievale.fr\/index.php\/category\/general\/\">GENERAL<\/a><\/strong>\n<ul class=\"wsp-posts-list\">\t\t<li class=\"wsp-post\"><a href=\"https:\/\/architecturemedievale.fr\/index.php\/les-gouts-et-les-couleurs\/\">Les go\u00fbts et les couleurs<\/a><\/li>\n<\/ul><\/li>\n<\/ul>\n<\/div><\/span>[\/vc_column_text][\/vc_column][\/vc_row]\n<\/div>","protected":false},"excerpt":{"rendered":"<p>[vc_row][vc_column][vc_column_text][\/vc_column_text][\/vc_column][\/vc_row]<\/p>\n","protected":false},"author":1,"featured_media":0,"parent":0,"menu_order":0,"comment_status":"open","ping_status":"closed","template":"","meta":{"footnotes":""},"folder":[26],"class_list":["post-8888","page","type-page","status-publish","hentry"],"yoast_head":"<!-- This site is optimized with the Yoast SEO plugin v27.4 - https:\/\/yoast.com\/product\/yoast-seo-wordpress\/ -->\n<title>Plan du site &quot;architecturemedievale.fr&quot; - Architecture M\u00e9di\u00e9vale<\/title>\n<meta name=\"robots\" content=\"index, follow, max-snippet:-1, max-image-preview:large, max-video-preview:-1\" \/>\n<link rel=\"canonical\" href=\"https:\/\/architecturemedievale.fr\/index.php\/plan-du-site-architecturemedievale\/\" \/>\n<meta property=\"og:locale\" content=\"fr_FR\" \/>\n<meta property=\"og:type\" content=\"article\" \/>\n<meta property=\"og:title\" content=\"Plan du site &quot;architecturemedievale.fr&quot; - Architecture M\u00e9di\u00e9vale\" \/>\n<meta property=\"og:description\" content=\"[vc_row][vc_column][vc_column_text][\/vc_column_text][\/vc_column][\/vc_row]\" \/>\n<meta property=\"og:url\" content=\"https:\/\/architecturemedievale.fr\/index.php\/plan-du-site-architecturemedievale\/\" \/>\n<meta property=\"og:site_name\" content=\"Architecture M\u00e9di\u00e9vale\" \/>\n<meta property=\"article:modified_time\" content=\"2024-09-02T12:41:19+00:00\" \/>\n<meta name=\"twitter:card\" content=\"summary_large_image\" \/>\n<meta name=\"twitter:label1\" content=\"Dur\u00e9e de lecture estim\u00e9e\" \/>\n\t<meta name=\"twitter:data1\" content=\"1 minute\" \/>\n<script type=\"application\/ld+json\" class=\"yoast-schema-graph\">{\"@context\":\"https:\\\/\\\/schema.org\",\"@graph\":[{\"@type\":\"WebPage\",\"@id\":\"https:\\\/\\\/architecturemedievale.fr\\\/index.php\\\/plan-du-site-architecturemedievale\\\/\",\"url\":\"https:\\\/\\\/architecturemedievale.fr\\\/index.php\\\/plan-du-site-architecturemedievale\\\/\",\"name\":\"Plan du site \\\"architecturemedievale.fr\\\" - Architecture M\u00e9di\u00e9vale\",\"isPartOf\":{\"@id\":\"https:\\\/\\\/architecturemedievale.fr\\\/#website\"},\"datePublished\":\"2024-02-09T14:37:03+00:00\",\"dateModified\":\"2024-09-02T12:41:19+00:00\",\"breadcrumb\":{\"@id\":\"https:\\\/\\\/architecturemedievale.fr\\\/index.php\\\/plan-du-site-architecturemedievale\\\/#breadcrumb\"},\"inLanguage\":\"fr-FR\",\"potentialAction\":[{\"@type\":\"ReadAction\",\"target\":[\"https:\\\/\\\/architecturemedievale.fr\\\/index.php\\\/plan-du-site-architecturemedievale\\\/\"]}]},{\"@type\":\"BreadcrumbList\",\"@id\":\"https:\\\/\\\/architecturemedievale.fr\\\/index.php\\\/plan-du-site-architecturemedievale\\\/#breadcrumb\",\"itemListElement\":[{\"@type\":\"ListItem\",\"position\":1,\"name\":\"Accueil\",\"item\":\"https:\\\/\\\/architecturemedievale.fr\\\/\"},{\"@type\":\"ListItem\",\"position\":2,\"name\":\"Plan du site \u00ab\u00a0architecturemedievale.fr\u00a0\u00bb\"}]},{\"@type\":\"WebSite\",\"@id\":\"https:\\\/\\\/architecturemedievale.fr\\\/#website\",\"url\":\"https:\\\/\\\/architecturemedievale.fr\\\/\",\"name\":\"Architecture M\u00e9di\u00e9vale\",\"description\":\"Redigere as memoriam\",\"publisher\":{\"@id\":\"https:\\\/\\\/architecturemedievale.fr\\\/#organization\"},\"potentialAction\":[{\"@type\":\"SearchAction\",\"target\":{\"@type\":\"EntryPoint\",\"urlTemplate\":\"https:\\\/\\\/architecturemedievale.fr\\\/?s={search_term_string}\"},\"query-input\":{\"@type\":\"PropertyValueSpecification\",\"valueRequired\":true,\"valueName\":\"search_term_string\"}}],\"inLanguage\":\"fr-FR\"},{\"@type\":\"Organization\",\"@id\":\"https:\\\/\\\/architecturemedievale.fr\\\/#organization\",\"name\":\"Architecture M\u00e9di\u00e9vale\",\"url\":\"https:\\\/\\\/architecturemedievale.fr\\\/\",\"logo\":{\"@type\":\"ImageObject\",\"inLanguage\":\"fr-FR\",\"@id\":\"https:\\\/\\\/architecturemedievale.fr\\\/#\\\/schema\\\/logo\\\/image\\\/\",\"url\":\"https:\\\/\\\/architecturemedievale.fr\\\/wp-content\\\/uploads\\\/2024\\\/01\\\/Logo-JYN_320x404.jpg\",\"contentUrl\":\"https:\\\/\\\/architecturemedievale.fr\\\/wp-content\\\/uploads\\\/2024\\\/01\\\/Logo-JYN_320x404.jpg\",\"width\":320,\"height\":404,\"caption\":\"Architecture M\u00e9di\u00e9vale\"},\"image\":{\"@id\":\"https:\\\/\\\/architecturemedievale.fr\\\/#\\\/schema\\\/logo\\\/image\\\/\"}}]}<\/script>\n<!-- \/ Yoast SEO plugin. -->","yoast_head_json":{"title":"Plan du site \"architecturemedievale.fr\" - Architecture M\u00e9di\u00e9vale","robots":{"index":"index","follow":"follow","max-snippet":"max-snippet:-1","max-image-preview":"max-image-preview:large","max-video-preview":"max-video-preview:-1"},"canonical":"https:\/\/architecturemedievale.fr\/index.php\/plan-du-site-architecturemedievale\/","og_locale":"fr_FR","og_type":"article","og_title":"Plan du site \"architecturemedievale.fr\" - Architecture M\u00e9di\u00e9vale","og_description":"[vc_row][vc_column][vc_column_text][\/vc_column_text][\/vc_column][\/vc_row]","og_url":"https:\/\/architecturemedievale.fr\/index.php\/plan-du-site-architecturemedievale\/","og_site_name":"Architecture M\u00e9di\u00e9vale","article_modified_time":"2024-09-02T12:41:19+00:00","twitter_card":"summary_large_image","twitter_misc":{"Dur\u00e9e de lecture estim\u00e9e":"1 minute"},"schema":{"@context":"https:\/\/schema.org","@graph":[{"@type":"WebPage","@id":"https:\/\/architecturemedievale.fr\/index.php\/plan-du-site-architecturemedievale\/","url":"https:\/\/architecturemedievale.fr\/index.php\/plan-du-site-architecturemedievale\/","name":"Plan du site \"architecturemedievale.fr\" - Architecture M\u00e9di\u00e9vale","isPartOf":{"@id":"https:\/\/architecturemedievale.fr\/#website"},"datePublished":"2024-02-09T14:37:03+00:00","dateModified":"2024-09-02T12:41:19+00:00","breadcrumb":{"@id":"https:\/\/architecturemedievale.fr\/index.php\/plan-du-site-architecturemedievale\/#breadcrumb"},"inLanguage":"fr-FR","potentialAction":[{"@type":"ReadAction","target":["https:\/\/architecturemedievale.fr\/index.php\/plan-du-site-architecturemedievale\/"]}]},{"@type":"BreadcrumbList","@id":"https:\/\/architecturemedievale.fr\/index.php\/plan-du-site-architecturemedievale\/#breadcrumb","itemListElement":[{"@type":"ListItem","position":1,"name":"Accueil","item":"https:\/\/architecturemedievale.fr\/"},{"@type":"ListItem","position":2,"name":"Plan du site \u00ab\u00a0architecturemedievale.fr\u00a0\u00bb"}]},{"@type":"WebSite","@id":"https:\/\/architecturemedievale.fr\/#website","url":"https:\/\/architecturemedievale.fr\/","name":"Architecture M\u00e9di\u00e9vale","description":"Redigere as memoriam","publisher":{"@id":"https:\/\/architecturemedievale.fr\/#organization"},"potentialAction":[{"@type":"SearchAction","target":{"@type":"EntryPoint","urlTemplate":"https:\/\/architecturemedievale.fr\/?s={search_term_string}"},"query-input":{"@type":"PropertyValueSpecification","valueRequired":true,"valueName":"search_term_string"}}],"inLanguage":"fr-FR"},{"@type":"Organization","@id":"https:\/\/architecturemedievale.fr\/#organization","name":"Architecture M\u00e9di\u00e9vale","url":"https:\/\/architecturemedievale.fr\/","logo":{"@type":"ImageObject","inLanguage":"fr-FR","@id":"https:\/\/architecturemedievale.fr\/#\/schema\/logo\/image\/","url":"https:\/\/architecturemedievale.fr\/wp-content\/uploads\/2024\/01\/Logo-JYN_320x404.jpg","contentUrl":"https:\/\/architecturemedievale.fr\/wp-content\/uploads\/2024\/01\/Logo-JYN_320x404.jpg","width":320,"height":404,"caption":"Architecture M\u00e9di\u00e9vale"},"image":{"@id":"https:\/\/architecturemedievale.fr\/#\/schema\/logo\/image\/"}}]}},"_links":{"self":[{"href":"https:\/\/architecturemedievale.fr\/index.php\/wp-json\/wp\/v2\/pages\/8888","targetHints":{"allow":["GET"]}}],"collection":[{"href":"https:\/\/architecturemedievale.fr\/index.php\/wp-json\/wp\/v2\/pages"}],"about":[{"href":"https:\/\/architecturemedievale.fr\/index.php\/wp-json\/wp\/v2\/types\/page"}],"author":[{"embeddable":true,"href":"https:\/\/architecturemedievale.fr\/index.php\/wp-json\/wp\/v2\/users\/1"}],"replies":[{"embeddable":true,"href":"https:\/\/architecturemedievale.fr\/index.php\/wp-json\/wp\/v2\/comments?post=8888"}],"version-history":[{"count":3,"href":"https:\/\/architecturemedievale.fr\/index.php\/wp-json\/wp\/v2\/pages\/8888\/revisions"}],"predecessor-version":[{"id":9541,"href":"https:\/\/architecturemedievale.fr\/index.php\/wp-json\/wp\/v2\/pages\/8888\/revisions\/9541"}],"wp:attachment":[{"href":"https:\/\/architecturemedievale.fr\/index.php\/wp-json\/wp\/v2\/media?parent=8888"}],"wp:term":[{"taxonomy":"folder","embeddable":true,"href":"https:\/\/architecturemedievale.fr\/index.php\/wp-json\/wp\/v2\/folder?post=8888"}],"curies":[{"name":"wp","href":"https:\/\/api.w.org\/{rel}","templated":true}]}}